{"id":18795,"date":"2024-04-18T04:14:15","date_gmt":"2024-04-18T02:14:15","guid":{"rendered":"https:\/\/vitalcan.es\/tienda\/?post_type=product&#038;p=18795"},"modified":"2026-03-25T18:39:21","modified_gmt":"2026-03-25T17:39:21","slug":"hyaloral-cachorros-y-gatos-50-ml","status":"publish","type":"product","link":"https:\/\/vitalcan.es\/tienda\/higiene-y-salud\/articular\/hyaloral-cachorros-y-gatos-50-ml\/","title":{"rendered":"Hyaloral Cachorros y Gatos 50 ml"},"content":{"rendered":"","protected":false},"excerpt":{"rendered":"<p>Hyaloral es un condroprotector para\u00a0perros, con col\u00e1geno, glucosamina, condroit\u00edn sulfato y \u00e1cido hialur\u00f3nico, que\u00a0favorecen la salud de las articulaciones, del cart\u00edlago y del l\u00edquido sinovial.<\/p>\n","protected":false},"featured_media":18796,"template":"","meta":[],"product_brand":[],"product_cat":[94,87],"product_tag":[],"class_list":{"0":"post-18795","1":"product","2":"type-product","3":"status-publish","4":"has-post-thumbnail","6":"product_cat-articular","7":"product_cat-higiene-y-salud","9":"first","10":"instock","11":"taxable","12":"shipping-taxable","13":"purchasable","14":"product-type-simple"},"_links":{"self":[{"href":"https:\/\/vitalcan.es\/tienda\/wp-json\/wp\/v2\/product\/18795","targetHints":{"allow":["GET"]}}],"collection":[{"href":"https:\/\/vitalcan.es\/tienda\/wp-json\/wp\/v2\/product"}],"about":[{"href":"https:\/\/vitalcan.es\/tienda\/wp-json\/wp\/v2\/types\/product"}],"wp:featuredmedia":[{"embeddable":true,"href":"https:\/\/vitalcan.es\/tienda\/wp-json\/wp\/v2\/media\/18796"}],"wp:attachment":[{"href":"https:\/\/vitalcan.es\/tienda\/wp-json\/wp\/v2\/media?parent=18795"}],"wp:term":[{"taxonomy":"product_brand","embeddable":true,"href":"https:\/\/vitalcan.es\/tienda\/wp-json\/wp\/v2\/product_brand?post=18795"},{"taxonomy":"product_cat","embeddable":true,"href":"https:\/\/vitalcan.es\/tienda\/wp-json\/wp\/v2\/product_cat?post=18795"},{"taxonomy":"product_tag","embeddable":true,"href":"https:\/\/vitalcan.es\/tienda\/wp-json\/wp\/v2\/product_tag?post=18795"}],"curies":[{"name":"wp","href":"https:\/\/api.w.org\/{rel}","templated":true}]}}